{"id":1586,"date":"2020-07-07T10:42:42","date_gmt":"2020-07-07T13:42:42","guid":{"rendered":"https:\/\/mjjadv.com.br\/eng\/?page_id=1586"},"modified":"2026-02-25T09:07:03","modified_gmt":"2026-02-25T12:07:03","slug":"team-members","status":"publish","type":"page","link":"http:\/\/mjjadv.com.br\/eng\/team-members\/","title":{"rendered":"Team members"},"content":{"rendered":"<p>[et_pb_section fb_built=&#8221;1&#8243; _builder_version=&#8221;4.23.4&#8243; _module_preset=&#8221;default&#8221; custom_padding=&#8221;||80px||false|false&#8221; global_colors_info=&#8221;{}&#8221;][et_pb_row column_structure=&#8221;1_4,3_4&#8243; make_equal=&#8221;on&#8221; _builder_version=&#8221;4.17.3&#8243; _module_preset=&#8221;default&#8221; width=&#8221;95%&#8221; custom_css_main_element=&#8221;align-items: flex-end;||display: flex;&#8221; global_colors_info=&#8221;{}&#8221; custom_css_main_element_last_edited=&#8221;on|desktop&#8221; custom_css_main_element_phone=&#8221;display: initial;&#8221; custom_css_main_element_tablet=&#8221;align-items: flex-end;||display: flex;&#8221;][et_pb_column type=&#8221;1_4&#8243; _builder_version=&#8221;4.16&#8243; _module_preset=&#8221;default&#8221; global_colors_info=&#8221;{}&#8221;][et_pb_image src=&#8221;http:\/\/mjjadv.com.br\/eng\/wp-content\/uploads\/2021\/03\/Maria-Jamile-1061_Equipe.jpg&#8221; title_text=&#8221;Maria-Jamile-1061_Equipe&#8221; _builder_version=&#8221;4.16&#8243; _module_preset=&#8221;default&#8221; global_colors_info=&#8221;{}&#8221;][\/et_pb_image][\/et_pb_column][et_pb_column type=&#8221;3_4&#8243; _builder_version=&#8221;4.16&#8243; _module_preset=&#8221;default&#8221; global_colors_info=&#8221;{}&#8221;][et_pb_text _builder_version=&#8221;4.23.4&#8243; _module_preset=&#8221;_initial&#8221; text_font=&#8221;Lora||||||||&#8221; text_text_color=&#8221;#715665&#8243; text_font_size=&#8221;15px&#8221; header_font=&#8221;Neuton||||||||&#8221; header_text_color=&#8221;#715665&#8243; header_font_size=&#8221;25px&#8221; header_line_height=&#8221;1.4em&#8221; max_width=&#8221;85%&#8221; max_width_tablet=&#8221;100%&#8221; max_width_phone=&#8221;&#8221; max_width_last_edited=&#8221;on|tablet&#8221; custom_padding=&#8221;|0px||3%|false|false&#8221; custom_padding_tablet=&#8221;3%||3%||true|true&#8221; custom_padding_phone=&#8221;4%|5%|4%|5%|true|true&#8221; custom_padding_last_edited=&#8221;on|tablet&#8221; scroll_vertical_motion=&#8221;0|12|73|100|1|0|-1&#8243; scroll_fade=&#8221;0|0|0|100|0|100|100&#8243; text_font_size_tablet=&#8221;&#8221; text_font_size_phone=&#8221;&#8221; text_font_size_last_edited=&#8221;on|desktop&#8221; global_colors_info=&#8221;{}&#8221;]<\/p>\n<h1>Maria Jamile Jos\u00e9<\/h1>\n<p>Law Degree at the University of S\u00e3o Paulo (USP).<\/p>\n<p>Master\u2019s Degree in Criminal Procedural Law at the Law School of the University of S\u00e3o Paulo (USP).<\/p>\n<p>Specialization in Economic Criminal Law at the Institute of European and Economic Criminal Law of the University of Coimbra.<\/p>\n<p>Author of several articles in prestigious publications focused on Criminal Procedural Law.<\/p>\n<p>Member of the Brazilian Institute of Criminal Sciences (IBCCrim) and the Institute for the Defense of the Rights of Defense (IDDD).<\/p>\n<p>Member of the Permanent Comission of Rights and Prerrogatives of the Brazilian Bar Association (OAB) \u2013 S\u00e3o Paulo Section, acting before the First Judging Panel of the Prerrogatives Council in 2022.<\/p>\n<p>Languages: Portuguese and English.<\/p>\n<p>[\/et_pb_text][\/et_pb_column][\/et_pb_row][et_pb_row column_structure=&#8221;1_4,3_4&#8243; make_equal=&#8221;on&#8221; custom_padding_last_edited=&#8221;on|phone&#8221; _builder_version=&#8221;4.20.0&#8243; _module_preset=&#8221;default&#8221; width=&#8221;95%&#8221; custom_padding=&#8221;100px||0px||false|false&#8221; custom_padding_tablet=&#8221;||0px||false|false&#8221; custom_padding_phone=&#8221;&#8221; custom_css_main_element=&#8221;align-items: flex-end;||display: flex;&#8221; global_colors_info=&#8221;{}&#8221; custom_css_main_element_last_edited=&#8221;on|tablet&#8221; custom_css_main_element_phone=&#8221;display: initial;&#8221; custom_css_main_element_tablet=&#8221;align-items: flex-end;||display: flex;&#8221;][et_pb_column type=&#8221;1_4&#8243; _builder_version=&#8221;4.16&#8243; _module_preset=&#8221;default&#8221; global_colors_info=&#8221;{}&#8221;][et_pb_image src=&#8221;http:\/\/mjjadv.com.br\/eng\/wp-content\/uploads\/2026\/02\/BrunaDSC_3550-scaled-1.jpg&#8221; title_text=&#8221;BrunaDSC_3550&#8243; _builder_version=&#8221;4.27.5&#8243; _module_preset=&#8221;default&#8221; hover_enabled=&#8221;0&#8243; global_colors_info=&#8221;{}&#8221; theme_builder_area=&#8221;post_content&#8221; admin_label=&#8221;Bruna26&#8243; sticky_enabled=&#8221;0&#8243;][\/et_pb_image][\/et_pb_column][et_pb_column type=&#8221;3_4&#8243; _builder_version=&#8221;4.16&#8243; _module_preset=&#8221;default&#8221; global_colors_info=&#8221;{}&#8221;][et_pb_text _builder_version=&#8221;4.27.5&#8243; _module_preset=&#8221;_initial&#8221; text_font=&#8221;Lora||||||||&#8221; text_text_color=&#8221;#715665&#8243; text_font_size=&#8221;15px&#8221; header_font=&#8221;Neuton||||||||&#8221; header_text_color=&#8221;#715665&#8243; header_font_size=&#8221;25px&#8221; header_line_height=&#8221;1.3em&#8221; max_width=&#8221;80%&#8221; max_width_tablet=&#8221;100%&#8221; max_width_phone=&#8221;&#8221; max_width_last_edited=&#8221;on|desktop&#8221; custom_padding=&#8221;|0px||3%|false|false&#8221; custom_padding_tablet=&#8221;3%||3%||true|true&#8221; custom_padding_phone=&#8221;3%|5%|5%|5%|false|true&#8221; custom_padding_last_edited=&#8221;on|tablet&#8221; scroll_vertical_motion=&#8221;0|12|73|100|1|0|-1&#8243; scroll_fade=&#8221;0|0|0|100|0|100|100&#8243; hover_enabled=&#8221;0&#8243; text_font_size_tablet=&#8221;&#8221; text_font_size_phone=&#8221;&#8221; text_font_size_last_edited=&#8221;on|desktop&#8221; header_line_height_tablet=&#8221;1.3em&#8221; header_line_height_phone=&#8221;&#8221; header_line_height_last_edited=&#8221;on|desktop&#8221; global_colors_info=&#8221;{}&#8221; sticky_enabled=&#8221;0&#8243;]<\/p>\n<h1>Bruna Aguiar Coutinho<\/h1>\n<p>Law Degree at the Mackenzie Presbyterian University Law School.<\/p>\n<p>Postgraduate degree in Criminal Law and Criminology at Catholic University of Rio Grande do Sul (PUC-RS).<\/p>\n<p>Member of the Brazilian Institute of Criminal Sciences (IBCCrim).<\/p>\n<p>Languages: Portuguese, Italian\u00a0and\u00a0English.[\/et_pb_text][\/et_pb_column][\/et_pb_row][et_pb_row column_structure=&#8221;1_4,3_4&#8243; make_equal=&#8221;on&#8221; custom_padding_last_edited=&#8221;on|phone&#8221; _builder_version=&#8221;4.20.0&#8243; _module_preset=&#8221;default&#8221; width=&#8221;95%&#8221; custom_padding=&#8221;100px||0px||false|false&#8221; custom_padding_tablet=&#8221;||0px||false|false&#8221; custom_padding_phone=&#8221;&#8221; custom_css_main_element=&#8221;align-items: flex-end;||display: flex;&#8221; global_colors_info=&#8221;{}&#8221; custom_css_main_element_last_edited=&#8221;on|tablet&#8221; custom_css_main_element_phone=&#8221;display: initial;&#8221; custom_css_main_element_tablet=&#8221;align-items: flex-end;||display: flex;&#8221; theme_builder_area=&#8221;post_content&#8221;][et_pb_column type=&#8221;1_4&#8243; _builder_version=&#8221;4.16&#8243; _module_preset=&#8221;default&#8221; global_colors_info=&#8221;{}&#8221; theme_builder_area=&#8221;post_content&#8221;][et_pb_image src=&#8221;http:\/\/mjjadv.com.br\/eng\/wp-content\/uploads\/2026\/02\/Ana-FernandaDSC_3408.jpg&#8221; title_text=&#8221;Ana FernandaDSC_3408&#8243; _builder_version=&#8221;4.27.5&#8243; _module_preset=&#8221;default&#8221; hover_enabled=&#8221;0&#8243; global_colors_info=&#8221;{}&#8221; theme_builder_area=&#8221;post_content&#8221; sticky_enabled=&#8221;0&#8243; admin_label=&#8221;Ana Fernanda&#8221;][\/et_pb_image][\/et_pb_column][et_pb_column type=&#8221;3_4&#8243; _builder_version=&#8221;4.16&#8243; _module_preset=&#8221;default&#8221; global_colors_info=&#8221;{}&#8221; theme_builder_area=&#8221;post_content&#8221;][et_pb_text _builder_version=&#8221;4.27.5&#8243; _module_preset=&#8221;e1f6ac0a-81f7-4f34-8e56-89d22687410e&#8221; text_font=&#8221;Lora||||||||&#8221; text_text_color=&#8221;#715665&#8243; text_font_size=&#8221;15px&#8221; header_font=&#8221;Neuton||||||||&#8221; header_text_color=&#8221;#715665&#8243; header_font_size=&#8221;25px&#8221; header_line_height=&#8221;1.3em&#8221; max_width=&#8221;80%&#8221; max_width_tablet=&#8221;100%&#8221; max_width_phone=&#8221;&#8221; max_width_last_edited=&#8221;on|desktop&#8221; custom_padding=&#8221;|0px||3%|false|false&#8221; custom_padding_tablet=&#8221;3%||3%||true|true&#8221; custom_padding_phone=&#8221;3%|5%|5%|5%|false|true&#8221; custom_padding_last_edited=&#8221;on|tablet&#8221; scroll_vertical_motion=&#8221;0|12|73|100|1|0|-1&#8243; scroll_fade=&#8221;0|0|0|100|0|100|100&#8243; hover_enabled=&#8221;0&#8243; text_font_size_tablet=&#8221;&#8221; text_font_size_phone=&#8221;&#8221; text_font_size_last_edited=&#8221;on|desktop&#8221; header_line_height_tablet=&#8221;1.3em&#8221; header_line_height_phone=&#8221;&#8221; header_line_height_last_edited=&#8221;on|desktop&#8221; global_colors_info=&#8221;{}&#8221; theme_builder_area=&#8221;post_content&#8221; admin_label=&#8221;Ana Fernanda&#8221; sticky_enabled=&#8221;0&#8243;]<\/p>\n<h1>Ana Fernanda Ayres Dellosso<\/h1>\n<p>Law degree from the Pontifical Catholic University of S\u00e3o Paulo (PUC-SP).<\/p>\n<p>Postgraduate degree in Economic Criminal Law from Funda\u00e7\u00e3o Getulio Vargas (FGV-SP).<\/p>\n<p>Certified Specialist in Compliance, Funda\u00e7\u00e3o Getulio Vargas (FGV-SP).<\/p>\n<p>Author of numerous articles published in academic journals, books, and edited volumes on Criminal Law and Criminal Procedure.<\/p>\n<p>Member of the Brazilian Institute of Criminal Sciences (IBCCrim) and the Institute for the Defense of the Rights of Defense (IDDD).<\/p>\n<p>Member of the Rights and Prerogatives Committee of the Brazilian Bar Association \u2013 S\u00e3o Paulo Section (OAB-SP), serving on the Second Adjudicating Panel of the Prerogatives Council since 2022 and for the 2025\u20132027 term.<\/p>\n<p>Former Vice President of the Criminal Procedure Committee of the Brazilian Bar Association \u2014 S\u00e3o Paulo Section, Pinheiros Subsection (2022\u20132024). Former member of the Criminal Law Committee of the Brazilian Bar Association \u2014 S\u00e3o Paulo Section (2019\u20132021).<\/p>\n<p>Languages: Portuguese and English.[\/et_pb_text][\/et_pb_column][\/et_pb_row][et_pb_row column_structure=&#8221;1_4,3_4&#8243; make_equal=&#8221;on&#8221; custom_padding_last_edited=&#8221;on|phone&#8221; _builder_version=&#8221;4.20.0&#8243; _module_preset=&#8221;default&#8221; width=&#8221;95%&#8221; custom_padding=&#8221;100px||0px||false|false&#8221; custom_padding_tablet=&#8221;||0px||false|false&#8221; custom_padding_phone=&#8221;&#8221; custom_css_main_element=&#8221;align-items: flex-end;||display: flex;&#8221; global_colors_info=&#8221;{}&#8221; custom_css_main_element_last_edited=&#8221;on|tablet&#8221; custom_css_main_element_phone=&#8221;display: initial;&#8221; custom_css_main_element_tablet=&#8221;align-items: flex-end;||display: flex;&#8221; theme_builder_area=&#8221;post_content&#8221;][et_pb_column type=&#8221;1_4&#8243; _builder_version=&#8221;4.16&#8243; _module_preset=&#8221;default&#8221; global_colors_info=&#8221;{}&#8221; theme_builder_area=&#8221;post_content&#8221;][et_pb_image src=&#8221;http:\/\/mjjadv.com.br\/eng\/wp-content\/uploads\/2026\/02\/Maria-FernandaDSC_3246.jpg&#8221; title_text=&#8221;Maria FernandaDSC_3246&#8243; _builder_version=&#8221;4.27.5&#8243; _module_preset=&#8221;default&#8221; hover_enabled=&#8221;0&#8243; global_colors_info=&#8221;{}&#8221; theme_builder_area=&#8221;post_content&#8221; admin_label=&#8221;Maria Fernanda&#8221; sticky_enabled=&#8221;0&#8243;][\/et_pb_image][\/et_pb_column][et_pb_column type=&#8221;3_4&#8243; _builder_version=&#8221;4.16&#8243; _module_preset=&#8221;default&#8221; global_colors_info=&#8221;{}&#8221; theme_builder_area=&#8221;post_content&#8221;][et_pb_text _builder_version=&#8221;4.27.5&#8243; _module_preset=&#8221;e1f6ac0a-81f7-4f34-8e56-89d22687410e&#8221; text_font=&#8221;Lora||||||||&#8221; text_text_color=&#8221;#715665&#8243; text_font_size=&#8221;15px&#8221; header_font=&#8221;Neuton||||||||&#8221; header_text_color=&#8221;#715665&#8243; header_font_size=&#8221;25px&#8221; header_line_height=&#8221;1.3em&#8221; max_width=&#8221;80%&#8221; max_width_tablet=&#8221;100%&#8221; max_width_phone=&#8221;&#8221; max_width_last_edited=&#8221;on|desktop&#8221; custom_padding=&#8221;|0px||3%|false|false&#8221; custom_padding_tablet=&#8221;3%||3%||true|true&#8221; custom_padding_phone=&#8221;3%|5%|5%|5%|false|true&#8221; custom_padding_last_edited=&#8221;on|tablet&#8221; scroll_vertical_motion=&#8221;0|12|73|100|1|0|-1&#8243; scroll_fade=&#8221;0|0|0|100|0|100|100&#8243; hover_enabled=&#8221;0&#8243; text_font_size_tablet=&#8221;&#8221; text_font_size_phone=&#8221;&#8221; text_font_size_last_edited=&#8221;on|desktop&#8221; header_line_height_tablet=&#8221;1.3em&#8221; header_line_height_phone=&#8221;&#8221; header_line_height_last_edited=&#8221;on|desktop&#8221; global_colors_info=&#8221;{}&#8221; theme_builder_area=&#8221;post_content&#8221; admin_label=&#8221;Maria Fernanda&#8221; sticky_enabled=&#8221;0&#8243;]<\/p>\n<h1>Maria Fernanda Neves Liborio<\/h1>\n<p>Law Degree at the S\u00e3o Paulo Law School, Funda\u00e7\u00e3o Getulio Vargas (FGV Direito SP).<\/p>\n<p>Volunteer at the Jury Court Group of the Institute for the Defense of the Right of Defense (IDDD) in 2024.<\/p>\n<p>Volunteer at Innocence Project Brazil in 2022.<\/p>\n<p>Languages: Portuguese, English, and Italian.[\/et_pb_text][\/et_pb_column][\/et_pb_row][et_pb_row column_structure=&#8221;1_4,3_4&#8243; make_equal=&#8221;on&#8221; custom_padding_last_edited=&#8221;on|phone&#8221; _builder_version=&#8221;4.20.0&#8243; _module_preset=&#8221;default&#8221; width=&#8221;95%&#8221; custom_padding=&#8221;100px||0px||false|false&#8221; custom_padding_tablet=&#8221;||0px||false|false&#8221; custom_padding_phone=&#8221;&#8221; custom_css_main_element=&#8221;align-items: flex-end;||display: flex;&#8221; global_colors_info=&#8221;{}&#8221; custom_css_main_element_last_edited=&#8221;on|tablet&#8221; custom_css_main_element_phone=&#8221;display: initial;&#8221; custom_css_main_element_tablet=&#8221;align-items: flex-end;||display: flex;&#8221; theme_builder_area=&#8221;post_content&#8221;][et_pb_column type=&#8221;1_4&#8243; _builder_version=&#8221;4.16&#8243; _module_preset=&#8221;default&#8221; global_colors_info=&#8221;{}&#8221; theme_builder_area=&#8221;post_content&#8221;][et_pb_image src=&#8221;http:\/\/mjjadv.com.br\/eng\/wp-content\/uploads\/2026\/02\/AugustoDSC_3152.jpg&#8221; title_text=&#8221;AugustoDSC_3152&#8243; _builder_version=&#8221;4.27.5&#8243; _module_preset=&#8221;default&#8221; hover_enabled=&#8221;0&#8243; global_colors_info=&#8221;{}&#8221; theme_builder_area=&#8221;post_content&#8221; admin_label=&#8221;Augusto &#8221; sticky_enabled=&#8221;0&#8243;][\/et_pb_image][\/et_pb_column][et_pb_column type=&#8221;3_4&#8243; _builder_version=&#8221;4.16&#8243; _module_preset=&#8221;default&#8221; global_colors_info=&#8221;{}&#8221; theme_builder_area=&#8221;post_content&#8221;][et_pb_text _builder_version=&#8221;4.27.5&#8243; _module_preset=&#8221;e1f6ac0a-81f7-4f34-8e56-89d22687410e&#8221; text_font=&#8221;Lora||||||||&#8221; text_text_color=&#8221;#715665&#8243; text_font_size=&#8221;15px&#8221; header_font=&#8221;Neuton||||||||&#8221; header_text_color=&#8221;#715665&#8243; header_font_size=&#8221;25px&#8221; header_line_height=&#8221;1.3em&#8221; max_width=&#8221;80%&#8221; max_width_tablet=&#8221;100%&#8221; max_width_phone=&#8221;&#8221; max_width_last_edited=&#8221;on|desktop&#8221; custom_padding=&#8221;|0px||3%|false|false&#8221; custom_padding_tablet=&#8221;3%||3%||true|true&#8221; custom_padding_phone=&#8221;3%|5%|5%|5%|false|true&#8221; custom_padding_last_edited=&#8221;on|tablet&#8221; scroll_vertical_motion=&#8221;0|12|73|100|1|0|-1&#8243; scroll_fade=&#8221;0|0|0|100|0|100|100&#8243; hover_enabled=&#8221;0&#8243; text_font_size_tablet=&#8221;&#8221; text_font_size_phone=&#8221;&#8221; text_font_size_last_edited=&#8221;on|desktop&#8221; header_line_height_tablet=&#8221;1.3em&#8221; header_line_height_phone=&#8221;&#8221; header_line_height_last_edited=&#8221;on|desktop&#8221; global_colors_info=&#8221;{}&#8221; theme_builder_area=&#8221;post_content&#8221; admin_label=&#8221;Augusto &#8221; sticky_enabled=&#8221;0&#8243;]<\/p>\n<h1>Augusto Ximenez<\/h1>\n<p>Law graduate from the S\u00e3o Paulo Law School of Funda\u00e7\u00e3o Getulio Vargas (FGV).<\/p>\n<p>Member of the Brazilian Institute of Criminal Sciences (IBCCrim).<\/p>\n<p>Volunteer at Innocence Project Brasil in 2023.<\/p>\n<p>Languages: Portuguese and English.[\/et_pb_text][\/et_pb_column][\/et_pb_row][\/et_pb_section]<\/p>\n","protected":false},"excerpt":{"rendered":"<p>Maria Jamile Jos\u00e9 Law Degree at the University of S\u00e3o Paulo (USP). Master\u2019s Degree in Criminal Procedural Law at the Law School of the University of S\u00e3o Paulo (USP). Specialization in Economic Criminal Law at the Institute of European and Economic Criminal Law of the University of Coimbra. Author of several articles in prestigious publications [&hellip;]<\/p>\n","protected":false},"author":1,"featured_media":0,"parent":0,"menu_order":0,"comment_status":"closed","ping_status":"closed","template":"","meta":{"_et_pb_use_builder":"on","_et_pb_old_content":"","_et_gb_content_width":"","inline_featured_image":false,"footnotes":"","_links_to":"","_links_to_target":""},"class_list":["post-1586","page","type-page","status-publish","hentry"],"_links":{"self":[{"href":"http:\/\/mjjadv.com.br\/eng\/wp-json\/wp\/v2\/pages\/1586","targetHints":{"allow":["GET"]}}],"collection":[{"href":"http:\/\/mjjadv.com.br\/eng\/wp-json\/wp\/v2\/pages"}],"about":[{"href":"http:\/\/mjjadv.com.br\/eng\/wp-json\/wp\/v2\/types\/page"}],"author":[{"embeddable":true,"href":"http:\/\/mjjadv.com.br\/eng\/wp-json\/wp\/v2\/users\/1"}],"replies":[{"embeddable":true,"href":"http:\/\/mjjadv.com.br\/eng\/wp-json\/wp\/v2\/comments?post=1586"}],"version-history":[{"count":32,"href":"http:\/\/mjjadv.com.br\/eng\/wp-json\/wp\/v2\/pages\/1586\/revisions"}],"predecessor-version":[{"id":1998,"href":"http:\/\/mjjadv.com.br\/eng\/wp-json\/wp\/v2\/pages\/1586\/revisions\/1998"}],"wp:attachment":[{"href":"http:\/\/mjjadv.com.br\/eng\/wp-json\/wp\/v2\/media?parent=1586"}],"curies":[{"name":"wp","href":"https:\/\/api.w.org\/{rel}","templated":true}]}}